2
What is -12df (base 16) in base 5?
-123311
202600 (base 8) to base 3
10101211102
What is -2420 (base 6) in base 14?
-300
Convert -20333 (base 4) to base 13.
-353
What is 4a7b (base 16) in base 15?
59b2
Convert -5649 (base 16) to base 11.
-15661
Convert 405 (base 15) to base 12.
635
What is 211033 (base 5) in base 3?
100121221
-34d (base 16) to base 6
-3525
What is -829 (base 10) in base 11?
-694
-b355 (base 12) to base 5
-1111010
Convert -19458 (base 13) to base 5.
-3032313
-12031 (base 6) to base 4
-123103
What is 10776 (base 9) in base 16?
1c1d
Convert -1110 (base 9) to base 13.
-4b0
57476 (base 10) to base 9
86752
What is -30016 (base 9) in base 2?
-100110011110010
What is -111011101001 (base 2) in base 12?
-2261
Convert 616 (base 13) to base 9.
1367
-413024 (base 5) to base 11
-a176
Convert 1011011000010 (base 2) to base 7.
22662
-2515 (base 8) to base 9
-1767
Convert -10110101111 (base 2) to base 12.
-a13
-101001010000000 (base 2) to base 4
-11022000
102122 (base 5) to base 13
1726
1851 (base 9) to base 8
2617
-102b0 (base 16) to base 2
-10000001010110000
Convert 401 (base 5) to base 12.
85
-378 (base 11) to base 7
-1210
-30535 (base 7) to base 13
-352c
Convert 13311302 (base 4) to base 3.
1122001102
-102230 (base 4) to base 15
-54b
-20345 (base 6) to base 3
-10202002
Convert 8752 (base 9) to base 2.
1100100101110
What is 136052 (base 8) in base 2?
1011110000101010
What is -1010101010 (base 2) in base 12?
-48a
What is 4013 (base 6) in base 13?
522
-1000104 (base 5) to base 2
-11110100100110
What is -2102111 (base 3) in base 16?
-6e8
Convert 410424 (base 5) to base 13.
6045
Convert 53 (base 12) to base 11.
58
26e (base 15) to base 6
2322
What is 100110101 (base 2) in base 8?
465
What is 1023242 (base 5) in base 15?
51ec
What is e7f (base 16) in base 12?
2193
Convert -3211222 (base 5) to base 16.
-d2b1
15552 (base 6) to base 2
101000011100
What is 10038 (base 9) in base 16?
19c4
1d7 (base 16) to base 13
2a3
What is -1212212 (base 4) in base 11?
-4a2a
-3260 (base 16) to base 10
-12896
1350 (base 12) to base 14
b48
Convert -35631 (base 7) to base 6.
-110430
-1100010001010 (base 2) to base 15
-1cdc
What is 125 (base 9) in base 2?
1101000
272c (base 14) to base 11
5203
What is 2003313 (base 5) in base 15?
95dd
What is -85ab (base 12) in base 15?
-4535
-112320 (base 4) to base 3
-2000020
What is -2144 (base 6) in base 15?
-231
30415 (base 10) to base 15
902a
-73 (base 13) to base 12
-7a
What is -21568 (base 10) in base 6?
-243504
-120021 (base 3) to base 9
-507
What is -2010303 (base 4) in base 14?
-3151
482 (base 12) to base 3
220222
What is -2bbb (base 13) in base 5?
-201112
What is 3354 (base 7) in base 15?
560
Convert -310 (base 9) to base 15.
-11c
Convert 1050214 (base 6) to base 16.
cfe2
-6248 (base 10) to base 15
-1cb8
-a89 (base 15) to base 7
-6636
Convert -210200 (base 3) to base 2.
-1001001001
What is 2274 (base 8) in base 5?
14322
What is -41dc (base 16) in base 6?
-210020
What is 733 (base 12) in base 6?
4503
140100 (base 5) to base 8
13022
-192 (base 10) to base 2
-11000000
What is 14745 (base 9) in base 8?
23545
Convert 2000 (base 6) to base 11.
363
What is 1d2 (base 15) in base 9?
518
Convert 335 (base 12) to base 7.
1244
-2503 (base 16) to base 12
-5597
Convert -12410 (base 5) to base 12.
-698
What is -159 (base 11) in base 16?
-b9
312033 (base 5) to base 6
115312
Convert a23 (base 15) to base 16.
8eb
What is -444145 (base 6) in base 2?
-1001000101100001
-2a8e (base 16) to base 9
-15844
-42352 (base 7) to base 11
-7962
What is 11110110 (base 2) in base 11?
204
672 (base 8) to base 15
1e7
-1212200 (base 3) to base 16
-558
-210020 (base 3) to base 12
-3b9
Convert 4103 (base 9) to base 10.
3000
10011001111111 (base 2) to base 15
2dc0
Convert 17352 (base 8) to base 3.
101212010
What is -15125 (base 8) in base 15?
-1ee6
-6748 (base 15) to base 10
-21893
12444 (base 5) to base 8
1747
What is 1010330 (base 4) in base 5?
120122
What is -4241 (base 5) in base 14?
-2cb
What is -1db (base 16) in base 4?
-13123
What is 212402 (base 5) in base 2?
1110000111011
What is 25a5 (base 12) in base 4?
1003031
What is 7a4 (base 11) in base 12?
681
1201131 (base 4) to base 14
23b7
-2319 (base 12) to base 8
-7505
What is -6251 (base 7) in base 10?
-2192
What is -31221100 (base 4) in base 16?
-da50
Convert -2201 (base 4) to base 15.
-ab
Convert 12220101 (base 4) to base 10.
27153
Convert 1722d (base 14) to base 8.
161311
What is 1604 (base 10) in base 5?
22404
Convert 17157 (base 9) to base 3.
121011221
7431 (base 10) to base 12
4373
What is 952 (base 10) in base 6?
4224
Convert -3111 (base 4) to base 15.
-e3
Convert -3ab2 (base 16) to base 5.
-440101
Convert 2c9 (base 13) to base 10.
503
11101100110000 (base 2) to base 4
3230300
Convert -1032 (base 10) to base 8.
-2010
What is -2516 (base 13) in base 14?
-1cb8
-3137 (base 9) to base 14
-ba6
What is -11332 (base 5) in base 9?
-1135
Convert 12664 (base 7) to base 14.
136b
862 (base 16) to base 14
ad4
-bcf (base 16) to base 15
-d68
1000 (base 5) to base 4
1331
Convert 4503 (base 8) to base 16.
943
What is -1873 (base 11) in base 15?
-a89
Convert 34087 (base 10) to base 7.
201244
What is -10101100010 (base 2) in base 7?
-4006
-20021210 (base 3) to base 13
-2118
What is 2720 (base 14) in base 8?
15350
1010100120 (base 3) to base 7
121341
Convert 5941 (base 12) to base 11.
7558
Convert 4110 (base 9) to base 14.
114a
What is 121110 (base 5) in base 15?
1520
Convert 3101 (base 6) to base 7.
1666
What is 7416 (base 15) in base 8?
57742
What is -3213 (base 4) in base 14?
-127
Convert 30 (base 15) to base 2.
101101
Convert 2031 (base 10) to base 8.
3757
What is -5262 (base 7) in base 16?
-741
Convert -585 (base 9) to base 8.
-742
-2130 (base 9) to base 16
-61e
-676 (base 10) to base 5
-10201
Convert -1000000122 (base 3) to base 10.
-19700
What is 2a3a (base 11) in base 5?
111130
What is 854 (base 10) in base 5?
11404
Convert 211312 (base 4) to base 3.
10022201
Convert 54a (base 12) to base 14.
3d8
Convert 19074 (base 11) to base 9.
40557
What is 7171 (base 10) in base 6?
53111
Convert -5351 (base 6) to base 8.
-2303
16653 (base 13) to base 12
20949
Convert -4341 (base 5) to base 10.
-596
-248a (base 15) to base 5
-222110
What is 10000111110110 (base 2) in base 15?
2899
Convert -2933 (base 11) to base 13.
-1954
What is -217 (base 11) in base 14?
-148
-115020 (base 7) to base 2
-101000111001001
7b53 (base 15) to base 3
1022220120
12203033 (base 4) to base 5
1324311
What is -20111021 (base 3) in base 10?
-4732
Convert 3749 (base 10) to base 13.
1925
What is -11233 (base 5) in base 12?
-582
Convert -2012 (base 3) to base 8.
-73
-4332 (base 15) to base 14
-527c
Convert f7 (base 16) to base 15.
117
What is 5051 (base 11) in base 2?
1101000110111
-2114410 (base 5) to base 3
-1210211201
Convert -5060 (base 7) to base 6.
-12045
-143002 (base 5) to base 2
-1011101110010
1408 (base 10) to base 9
1834
What is 1211112011 (base 3) in base 10?
36103
What is 2321 (base 4) in base 3?
20212
Convert -250 (base 8) to base 3.
-20020
-1010012020 (base 3) to base 11
-155a0
Convert -288 (base 11) to base 16.
-152
What is -c82 (base 14) in base 9?
-3340
What is 120204 (base 5) in base 16?
114d
What is 122 (base 7) in base 15?
45
What is 12202 (base 4) in base 12?
2aa
-10212001 (base 3) to base 16
-af9
Convert -197 (base 13) to base 6.
-1205
What is 3982 (base 15) in base 14?
4688
Convert -4949 (base 15) to base 8.
-36352
What is 160 (base 10) in base 15?
aa
-28041 (base 9) to base 11
-132a5
Convert 312 (base 8) to base 14.
106
What is c502 (base 15) in base 4?
22022123
-d69 (base 14) to base 11
-1a91
Convert -443 (base 7) to base 16.
-e3
-652 (base 8) to base 14
-226
What is -4569 (base 10) in base 5?
-121234
What is -7e (base 16) in base 7?
-240
What is 8444 (base 10) in base 6?
103032
Convert -6a7 (base 13) to base 16.
-47f
-5580 (base 13) to base 16
-2e9e
-4523 (base 7) to base 3
-2020112
Convert 61325 (base 7) to base 14.
5615
504 (base 8) to base 10
324
What is -38cb (base 16) in base 10?
-14539
Convert 232 (base 14) to base 9.
534
78d8 (base 16) to base 12
15aa0
What is 362 (base 14) in base 13?
3cb
-144142 (base 6) to base 10
-13886
What is -202211 (base 3) in base 5?
-4222
What is -1d08 (base 14) in base 13?
-2549
Convert 1